 is the remainder when (1 + 4)*(g - -2) is divided by 12?
11
Calculate the remainder when -2546*(10 + (-187)/17) is divided by 36.
26
Let k be 6/54*9 - -259. Let j = -190 + k. What is the remainder when j is divided by 8?
6
Let i be (-27)/((-1)/(-2) - 25/30). Suppose 2*t + 13 - 9 = 0, -5*o - 2*t = -i. Calculate the remainder when 23 is divided by o.
6
Let a(b) = -4*b**3 + 67*b**2 + 93*b + 3. Calculate the remainder when 1765 is divided by a(18).
55
Suppose 18*p - 29 = 17*p. Let i(b) = 40*b - 17 - 64*b + p*b. What is the remainder when i(10) is divided by 9?
6
Calculate the remainder when 450 is divided by ((-156)/(-42))/(52/182).
8
Let m(t) = 4*t**2 + t - 4. Let z be m(-2). Suppose z*u = -u + 187. Suppose 16*q = u*q - 8. Calculate the remainder when 36 is divided by q.
4
Let z be (1/2)/(1/6). Let l(a) = 2*a - 118 + 3*a**2 + 240 - 121. Calculate the remainder when l(z) is divided by 6.
4
Let q be (-10)/(-2) + 15 + -8. What is the remainder when 56 is divided by (-2)/6 + 3 + 148/q?
11
Suppose 2*f = -z + 3735, 5*f - 2252 = 5*z + 7048. What is the remainder when f is divided by 206?
11
Suppose -57*g - 55 = -31*g - 31*g. Let z = -76 + 182. Calculate the remainder when z is divided by g.
7
Suppose 0 = -3*j - 7*r + 4*r + 1545, 4*j = r + 2030. What is the remainder when j is divided by 248?
13
Suppose 4*a + m - 2*m - 25 = 0, 2*a - 4*m = 16. Suppose 0 = 27*k - 486 - 54. Calculate the remainder when k is divided by a.
2
Let o be (45/6)/(-3)*(-130)/25. Suppose o*d - 284 = 353. Calculate the remainder when d is divided by 17.
15
Let l(k) = -843*k + 10606. What is the remainder when l(5) is divided by 94?
93
Let i(r) = -224*r - 1391. What is the remainder when i(-13) is divided by 256?
241
Suppose 3*x - 30 = -18*d + 13*d, 4*x - 14 = 2*d. Suppose 5*p + 20 = 0, -5*u + 68 = -0*u + d*p. Calculate the remainder when 44/(-2)*(0 - 5) is divided by u.
14
Suppose -7*g + 369 = -338. Calculate the remainder when g is divided by 92.
9
Let l(j) = j**2 - 7*j + 18. Let g be l(4). Suppose -1 - 17 = g*h. Calculate the remainder when (1 - 3*h)*(-110)/(-20) is divided by 12.
7
Suppose 2*d = -5*x + 422, 0 = 2*x - 9*d + 5*d - 188. Let s = x + -36. What is the remainder when 3 - (-191 + (-12)/4) is divided by s?
47
Suppose 17*g - 8*g = 9. Let a(q) = 21*q**2 - 8*q + 5. Calculate the remainder when 26 is divided by a(g).
8
Let y(w) = -9*w - 1. Let h be -3 - (-291)/(15/5). Let i = -89 + h. Calculate the remainder when y(-1) is divided by i.
3
Let y = 791 - 391. Suppose -6*u - 64 = -y. Let f(w) = 2*w**2 + 3*w - 2. What is the remainder when u is divided by f(2)?
8
Let v = -28 + 1475. Suppose -5*r - 4*m = -1371, -4*r + 5*m - 383 = -v. Calculate the remainder when r is divided by 92.
87
Let f(k) = -k**3 + 16*k**2 - 13*k - 17. Let l be f(15). Suppose 18*c - 200 = l*c. Calculate the remainder when c is divided by 22.
18
Calculate the remainder when (-101)/((-2222)/132) - (-117 - 1) is divided by 65 - (-5 + (-3 - -6)).
57
Suppose 4*n = 20, -3*n - 45 = -2*z + 66. What is the remainder when 46 - -18 - (0 - 0) is divided by z?
1
Let f(r) = r**3 - 25*r**2 - 24*r - 49. Suppose 4*b - 8 = 0, -3*b + 18 = 5*i - i. What is the remainder when 11*3/9*i is divided by f(26)?
2
Let i = 2300 + -2180. What is the remainder when 585 is divided by i?
105
Calculate the remainder when (-180)/21 + 2 + (-69)/161 + 4084 is divided by 272.
269
Let n = 39 + 25. Let b = -168 - -173. Suppose -4*h + 4*x - 13 = -b*h, -65 = -5*h + 5*x. What is the remainder when n is divided by h?
12
Let j be (-2)/(-19) + 7/((-399)/(-5808)). Let l = j - -71. Calculate the remainder when l is divided by 4.
1
Let u(b) = 144*b**2 - 2*b - 1. What is the remainder when u(-1) is divided by (-2)/(292/49 - 6)?
47
Suppose z - 73476 - 71924 = -24*z. Calculate the remainder when z is divided by 94.
82
Suppose 0 - 10 = 5*a - 5*i, -2*a + 8 = i. Suppose -a*d = -0*h + 3*h - 25, -5*d = -3*h - 10. What is the remainder when 8 is divided by h?
3
Suppose 9*x + 191 - 212 = 357. Calculate the remainder when x is divided by 5.
2
Let g be (0 + 3)*-1 - (-11 + 35). Suppose 0 = -2*c + 5*c + 351. Calculate the remainder when (-5)/(35/c - 6/g) is divided by 34.
31
Suppose -2*w = 3*y - 1016 + 132, -3*y - w + 880 = 0. What is the remainder when 20438 is divided by y?
290
Let n(x) be the second derivative of x**3/6 + 13*x**2 - 26*x. Calculate the remainder when n(27) is divided by 18.
17
Let o(u) = 15*u + 48. Let x be o(-3). Suppose -x*y = 115 - 394. Suppose 2*k - 135 = -41. Calculate the remainder when y is divided by k.
46
Suppose 12 = -4*x, -3*x = -5*v + 178 + 196. What is the remainder when v is divided by 20?
13
Let t(u) = 3*u**3 + 36*u**2 + 32*u - 7. What is the remainder when 129 is divided by t(-11)?
1
Let p(n) = -539*n**3 - 5*n**2 - 10*n - 4. What is the remainder when p(-1) is divided by 56?
36
Suppose 70*m = 73*m - 363. Let c = m - 85. What is the remainder when 141 is divided by c?
33
Suppose -112*i + 29937 - 1368 + 41319 = 0. What is the remainder when i is divided by 203?
15
Let y(u) = 1254*u - 682. Let q(x) = 33*x - 18. Let p(b) = 77*q(b) - 2*y(b). Let i be p(-3). Let d = -119 - i. What is the remainder when d is divided by 1?
0
Let l(p) = -21*p + 4. Let b be l(1). Let s = -12 - b. Suppose s*y - 145 = -0*y. What is the remainder when 114 is divided by y?
27
Let y be (2 - (-52)/(-4)) + 4. What is the remainder when 260/8*y/(35/(-6)) is divided by 14?
11
Let g = 1851 - 2762. Let k = 913 + g. What is the remainder when 2/(-1) - (-10 + 1) is divided by k?
1
Suppose 11 = 2*s + o, 3*o + 2*o = 3*s - 10. Suppose 82 = -v + 6*v - 2*w, s*w = -3*v + 43. Calculate the remainder when v is divided by 40/(-2)*189/(-378).
6
Let f(q) = -30*q**3 + q**2 - 2*q + 3. Let w be f(-2). Let o = -224 + w. What is the remainder when o is divided by 7?
6
Let p(a) = -2*a + 41. Let g be p(19). Suppose 20 = -3*v + 5*v + g*l, -4*v = 3*l - 46. What is the remainder when 37 is divided by v?
11
Suppose 3*y = -3*d - 3, -5*d - 56 = -5*y - 11. Suppose -y*m - 4*f + 120 = 0, 18*m - 21*m - f = -84. What is the remainder when 104 is divided by m?
23
Let i(z) = -325*z + 3197. What is the remainder when i(-2) is divided by 13?
12
Let r be (10/(-4))/(-4 - 28/(-8)). Suppose -8*j + 12 = -r*j. Suppose s - 4*q - 11 - 49 = 0, j*s = -4*q + 300. What is the remainder when s is divided by 15?
12
Let a(y) = -185*y - 14418. What is the remainder when (-65)/(-3) - 2/(-6) is divided by a(-78)?
10
Let p(y) = 13*y**2 - 37*y + 6. What is the remainder when p(-5) is divided by 166?
18
Suppose 71 = 2*y - b, 32 = y + 2*b - 16. What is the remainder when (-55)/(3300/(-4480)) + (0 - 2/(-6)) is divided by y?
37
Let k(l) = -1238*l - 4671. What is the remainder when k(-4) is divided by 32?
25
Suppose -m + 2 = -66. Suppose -2*o + 2*i + 10 = 0, -2*o - 11*i + 7*i = -10. What is the remainder when 3/((-36)/m)*-3 is divided by o?
2
Let w = 3132 + -3097. Calculate the remainder when w is divided by 8.
3
Let m be -1 - (-3)/((-3)/4). Let t be 95/(-38)*6/m. Suppose -u + t*u - 136 = 0. What is the remainder when u is divided by 23?
22
Suppose -3*o + 5*v - 4 = -4*o, 0 = 5*o - 3*v - 48. Suppose 4*w + 3*u = o*w - 46, 5*u - 4 = w. What is the remainder when (12/12)/((-2)/(-38)) is divided by w?
8
Let f(b) = -3*b**3 + 4*b**2 + b. Let x be (-13)/4 - 1/(-4). Calculate the remainder when f(x) is divided by (-144)/160 + 1995/50.
36
Suppose 15 = 5*k - 0*k. Let o = -145 - -135. What is the remainder when 72 is divided by -2*205/o - k?
34
Let v(h) = 228*h + 621. Let p be v(-7). Let b = p - -1003. Calculate the remainder when (-39)/(-1) - (2 + -3) is divided by b.
12
Suppose 156*j = -53*j + j + 176800. Calculate the remainder when j is divided by 109.
87
Suppose d = -j + 4, -3*d + 10 = 2*j - 1. What is the remainder when 24 is divided by d + 11/(-4) - 1462/(-136)?
2
Let x(r) = -r**3 + 9*r**2 - 20*r + 35. Let w be x(9). Let c = 231 + w. Calculate the remainder when c is divided by 29.
28
Suppose -3*x + 15 = -2*x. Let k be (-6)/36*4*(-6)/(-1). What is the remainder when (-1)/(k/229) + (-3)/(-4) is divided by x?
13
Let h = 12 - 12. Calculate the remainder when (-5)/((-20)/68) + h is divided by (1/2)/(12/264).
6
Suppose -4*v - 2*r = -15*v + 1124, 5*v - 3*r - 513 = 0. What is the remainder when v is divided by 12?
6
Suppose -i = 2*i + 129. 